934497 composite?
False
Is 137846561689 a composite number?
True
Is 552188569 prime?
True
Is 7815414487 a composite number?
False
Is 19140409523 prime?
False
Is 61312659211 composite?
True
Is 184515173 composite?
True
Is 20554131191 a prime number?
False
Is 5696312057 composite?
True
Is 29794572611 composite?
False
Is 2876959509 composite?
True
Is 2971170509 a prime number?
True
Is 2715178061 a prime number?
True
Is 2242932707 composite?
False
Is 2148043 a prime number?
True
Is 64895233523 composite?
False
Is 226336471 composite?
True
Is 2253326737 prime?
False
Is 2996163595 composite?
True
Is 12204684467 a prime number?
True
Is 5537202799 a prime number?
False
Is 7572886333 composite?
True
Is 42990792473 prime?
False
Is 51460717897 composite?
False
Is 623477557 composite?
False
Is 112515392129 a prime number?
False
Is 143547149 a composite number?
False
Is 1141577447 a composite number?
True
Is 42833829529 a prime number?
True
Is 51776052017 a composite number?
True
Is 2940306979 prime?
True
Is 19547466461 a prime number?
False
Is 259998103 prime?
False
Is 31434666433 composite?
False
Is 5130061331 a prime number?
True
Is 42100871 a prime number?
False
Is 1407386213 prime?
False
Is 65768030221 a composite number?
False
Is 1484286907 a composite number?
True
Is 34515623 a prime number?
True
Is 95476721 prime?
True
Is 52097048105 a prime number?
False
Is 9543728643 a composite number?
True
Is 15809710231 a prime number?
False
Is 63147401 a composite number?
True
Is 2294407421 a composite number?
False
Is 7061627891 prime?
True
Is 4681835089 a composite number?
False
Is 1924876097 a prime number?
True
Is 1395994247387 a composite number?
False
Is 2000875109 a composite number?
False
Is 19399892821 composite?
True
Is 14155700239 composite?
False
Is 2538738157 composite?
False
Is 7943713391 a composite number?
True
Is 582120487 a composite number?
True
Is 183167761819 a composite number?
True
Is 3647219551 composite?
False
Is 3738696473 prime?
False
Is 33171287 a composite number?
True
Is 108561823807 a composite number?
False
Is 8975172203 a prime number?
True
Is 49016764213 a composite number?
True
Is 49094338759 composite?
True
Is 418751371 a composite number?
False
Is 941063243 prime?
True
Is 1981007 prime?
False
Is 47534806637 composite?
False
Is 19046000713 prime?
True
Is 11017754686 composite?
True
Is 257528179 a prime number?
True
Is 1849642631 a prime number?
True
Is 737224535 prime?
False
Is 4049083147 a composite number?
False
Is 6579540371 composite?
False
Is 8566875137 composite?
True
Is 4184303 a prime number?
True
Is 4228828697 prime?
True
Is 7712956523 composite?
True
Is 29245257827 a composite number?
True
Is 21372325619 a prime number?
True
Is 22417104379 composite?
False
Is 2098002689 a composite number?
True
Is 52874594989 a prime number?
True
Is 226321019 a composite number?
False
Is 12981064819 a composite number?
True
Is 13294811821 prime?
True
Is 9585081313 prime?
True
Is 38899785971 a composite number?
False
Is 2519801783 prime?
True
Is 5959501523 a prime number?
False
Is 8561453471 prime?
False
Is 10452665477 composite?
False
Is 4926622013 a composite number?
False
Is 61181291161 composite?
False
Is 624789931 a composite number?
False
Is 50947771573 a prime number?
True
Is 7350521099 composite?
False
Is 12198730459 a composite number?
False
Is 5127093233 prime?
False
Is 13740405121 composite?
False
Is 3851231893 prime?
True
Is 686286389 composite?
True
Is 14578015511 a prime number?
True
Is 1654852427 prime?
True
Is 6994048379 a prime number?
False
Is 5449804849 a prime number?
False
Is 13955933402 a composite number?
True
Is 2773248553 prime?
True
Is 11870719831 a composite number?
True
Is 2119935551 a composite number?
False
Is 7998208109 prime?
True
Is 1219431827 a prime number?
False
Is 1059417061 a prime number?
True
Is 216307783 composite?
False
Is 33682552843 prime?
True
Is 502413739 composite?
False
Is 61488733129 a composite number?
False
Is 15508100693 prime?
False
Is 8244536851 prime?
False
Is 45543410677 prime?
True
Is 20572133471 a prime number?
True
Is 88328789 prime?
True
Is 23669503051 prime?
False
Is 534651647 prime?
True
Is 122393899759 prime?
True
Is 37111477433 composite?
True
Is 15018517487 a prime number?
False
Is 270375307 prime?
True
Is 74878654619 prime?
True
Is 55883784767 a prime number?
True
Is 4531561403 a prime number?
False
Is 29978417071 a prime number?
True
Is 76246833703 composite?
False
Is 6276227981 prime?
False
Is 47662189579 a prime number?
True
Is 393063589 composite?
False
Is 3783847153 composite?
True
Is 18669008521 a prime number?
False
Is 1665907283 a prime number?
True
Is 945412883 a prime number?
True
Is 342975257 composite?
True
Is 15068203 a prime number?
True
Is 26074025597 composite?
False
Is 5216860537 a composite number?
True
Is 4873431037 a composite number?
True
Is 5473945801 prime?
False
Is 44156850653 a prime number?
True
Is 9044675033 a prime number?
False
Is 21130626529 a prime number?
False
Is 66391945229 a composite number?
True
Is 2297460299 a composite number?
False
Is 1477632407 a prime number?
False
Is 4883173067 prime?
True
Is 2399558731 a composite number?
True
Is 6906325891 a composite number?
False
Is 1142987 composite?
True
Is 698210197 composite?
True
Is 8103850919 a composite number?
True
Is 4946205977 composite?
False
Is 1989535151 a composite number?
True
Is 2903485129 composite?
False
Is 6445898153 a prime number?
True
Is 13223228891 a prime number?
True
Is 287645179 a prime number?
True
Is 6483009367 prime?
True
Is 6259208471 a composite number?
True
Is 193882301 a composite number?
False
Is 100211779 a composite number?
True
Is 3741651491 prime?
True
Is 31202837909 a composite number?
False
Is 122837553791 composite?
True
Is 115391447 prime?
True
Is 2334471583 prime?
True
Is 47394568007 composite?
False
Is 48252477661 prime?
True
Is 9326474681 composite?
False
Is 4857652145 prime?
False
Is 798288809 prime?
False
Is 4585336829 prime?
True
Is 1938477661 a prime number?
True
Is 12090584829 prime?
False
Is 19546487611 a composite number?
True
Is 26368609 a composite number?
False
Is 2943195811 prime?
True
Is 432275377 a prime number?
False
Is 3837816659 prime?
True
Is 33014129 prime?
True
Is 14018305471 a composite number?
False
Is 1998997747 prime?
True
Is 401788553 composite?
True
Is 657843037 prime?
True
Is 13423132019 composite?
True
Is 249469823 composite?
False
Is 1256950493 prime?
True
Is 13369883 a composite number?
True
Is 128950375535 composite?
True
Is 159053007749 composite?
True
Is 517691437 prime?
True
Is 4029767477 a composite number?
False
Is 97698353 prime?
False
Is 34990347457 composite?
True
Is 580702742 a prime number?
False
Is 6284474887 prime?
False
Is 33250066393 a composite number?
False
Is 2252199781 a prime number?
False
Is 840167651 prime?
True
Is 28436281823 a prime number?
True
Is 609937721 prime?
False
Is 166822823 a prime number?
False
Is 3924379891 prime?
True
Is 22185505057 a composite number?
False
Is 1450318403 composite?
False
Is 37167674267 a composite number?
True
Is 10062210091 composite?
True
Is 8158902343 a prime number?
True
Is 57804679187 prime?
True
Is 6379076597 a composite number?
False
Is 477322031 prime?
True
Is 8561045161 composite?
True
Is 30333906671 a composite number?
False
Is 19743311509 a prime number?
False
Is 17893425247 a prime number?
True
Is 4191227519 prime?
True
Is 585460427 a composite number?
True
Is 1154010687 a prime number?
False
Is 1950949249 prime?
True
Is 25380200113 a composite number?
True
Is 1398446647 a composite number?
True
Is 630427331 composite?
True
Is 15185980591 composite?
False
Is 71581717927 a prime number?
False
Is 2838557695 prime?
False
Is 18820416709 a prime number?
True
Is 6551698611 a prime number?
False
Is 3329448799 a composite number?
True
Is 1378692863 a composite number?
True
Is 1587484163 a composite number?
True
Is 19419836363 composite?
False
Is 4708064897 composite?
True
Is 1824066229 a composite number?
True
Is 22154039531 a composite number?
True
Is 5977169243 a composite number?
True
Is 2453403791 a prime number?
False
Is 66034831 prime?
False
Is 13955160757 prime?
False
Is 2996249017 a composite number?
False
Is 65225798567 composite?
True
Is 1321